1178?
2, 19, 31
What are the prime factors of 50579?
37, 1367
List the prime factors of 47724.
2, 3, 41, 97
List the prime factors of 911.
911
List the prime factors of 1053.
3, 13
List the prime factors of 1533.
3, 7, 73
What are the prime factors of 480?
2, 3, 5
What are the prime factors of 10249?
37, 277
List the prime factors of 10364.
2, 2591
What are the prime factors of 8427?
3, 53
What are the prime factors of 47536?
2, 2971
What are the prime factors of 16469?
43, 383
List the prime factors of 893.
19, 47
What are the prime factors of 11469?
3, 3823
What are the prime factors of 6248?
2, 11, 71
List the prime factors of 413.
7, 59
List the prime factors of 15080.
2, 5, 13, 29
What are the prime factors of 321?
3, 107
What are the prime factors of 5372?
2, 17, 79
List the prime factors of 85.
5, 17
What are the prime factors of 3188?
2, 797
List the prime factors of 1375.
5, 11
List the prime factors of 4018.
2, 7, 41
List the prime factors of 111457.
227, 491
List the prime factors of 32290.
2, 5, 3229
List the prime factors of 72960.
2, 3, 5, 19
List the prime factors of 313.
313
List the prime factors of 85275.
3, 5, 379
What are the prime factors of 1382?
2, 691
List the prime factors of 1400.
2, 5, 7
What are the prime factors of 1784?
2, 223
What are the prime factors of 206?
2, 103
What are the prime factors of 1462?
2, 17, 43
List the prime factors of 8724.
2, 3, 727
List the prime factors of 1266.
2, 3, 211
What are the prime factors of 3935?
5, 787
List the prime factors of 17140.
2, 5, 857
What are the prime factors of 17858?
2, 8929
List the prime factors of 13592.
2, 1699
What are the prime factors of 6863?
6863
List the prime factors of 4485.
3, 5, 13, 23
What are the prime factors of 58033?
131, 443
List the prime factors of 107588.
2, 13, 2069
What are the prime factors of 6788?
2, 1697
What are the prime factors of 10809?
3, 1201
List the prime factors of 1193.
1193
What are the prime factors of 10097?
23, 439
List the prime factors of 5672.
2, 709
List the prime factors of 16403.
47, 349
List the prime factors of 3090.
2, 3, 5, 103
List the prime factors of 358.
2, 179
List the prime factors of 1336.
2, 167
What are the prime factors of 25511?
97, 263
List the prime factors of 74434.
2, 37217
What are the prime factors of 7744?
2, 11
What are the prime factors of 47094?
2, 3, 47, 167
List the prime factors of 4090.
2, 5, 409
List the prime factors of 154598.
2, 17, 4547
List the prime factors of 239.
239
List the prime factors of 5592.
2, 3, 233
List the prime factors of 306.
2, 3, 17
What are the prime factors of 1996?
2, 499
What are the prime factors of 2597?
7, 53
What are the prime factors of 7916?
2, 1979
List the prime factors of 270.
2, 3, 5
What are the prime factors of 49837?
19, 43, 61
List the prime factors of 3284.
2, 821
List the prime factors of 24085.
5, 4817
List the prime factors of 19452.
2, 3, 1621
What are the prime factors of 1104?
2, 3, 23
List the prime factors of 1054.
2, 17, 31
What are the prime factors of 735?
3, 5, 7
List the prime factors of 6402.
2, 3, 11, 97
What are the prime factors of 386?
2, 193
What are the prime factors of 141409?
41, 3449
List the prime factors of 35997.
3, 13, 71
What are the prime factors of 3519?
3, 17, 23
What are the prime factors of 134053?
134053
List the prime factors of 6821.
19, 359
List the prime factors of 763.
7, 109
List the prime factors of 9159.
3, 43, 71
What are the prime factors of 1730?
2, 5, 173
What are the prime factors of 1043?
7, 149
List the prime factors of 75357.
3, 2791
What are the prime factors of 6600?
2, 3, 5, 11
What are the prime factors of 15108?
2, 3, 1259
What are the prime factors of 2049?
3, 683
What are the prime factors of 5941?
13, 457
List the prime factors of 2815.
5, 563
What are the prime factors of 2065?
5, 7, 59
List the prime factors of 9705.
3, 5, 647
List the prime factors of 7662.
2, 3, 1277
What are the prime factors of 9038?
2, 4519
List the prime factors of 110968.
2, 11, 13, 97
What are the prime factors of 10386?
2, 3, 577
List the prime factors of 2364.
2, 3, 197
List the prime factors of 4819.
61, 79
List the prime factors of 1560.
2, 3, 5, 13
List the prime factors of 194243.
7, 27749
List the prime factors of 6430.
2, 5, 643
List the prime factors of 147681.
3, 61, 269
List the prime factors of 252.
2, 3, 7
What are the prime factors of 693?
3, 7, 11
What are the prime factors of 1174?
2, 587
What are the prime factors of 1598?
2, 17, 47
What are the prime factors of 13688?
2, 29, 59
What are the prime factors of 10048?
2, 157
List the prime factors of 101795.
5, 20359
What are the prime factors of 20094?
2, 3, 17, 197
List the prime factors of 425.
5, 17
What are the prime factors of 453?
3, 151
What are the prime factors of 3346?
2, 7, 239
What are the prime factors of 102408?
2, 3, 17, 251
What are the prime factors of 6293?
7, 29, 31
List the prime factors of 2126.
2, 1063
What are the prime factors of 21010?
2, 5, 11, 191
What are the prime factors of 600?
2, 3, 5
List the prime factors of 22116.
2, 3, 19, 97
What are the prime factors of 25484?
2, 23, 277
List the prime factors of 325.
5, 13
What are the prime factors of 68338?
2, 47, 727
What are the prime factors of 9980?
2, 5, 499
What are the prime factors of 3925?
5, 157
What are the prime factors of 4056?
2, 3, 13
List the prime factors of 36589.
7, 5227
List the prime factors of 119.
7, 17
List the prime factors of 4342.
2, 13, 167
What are the prime factors of 76496?
2, 7, 683
What are the prime factors of 6363?
3, 7, 101
List the prime factors of 2221.
2221
List the prime factors of 5345.
5, 1069
List the prime factors of 290.
2, 5, 29
List the prime factors of 3706.
2, 17, 109
What are the prime factors of 28?
2, 7
What are the prime factors of 14474?
2, 7237
What are the prime factors of 190663?
11, 17333
List the prime factors of 17398.
2, 8699
List the prime factors of 16650.
2, 3, 5, 37
What are the prime factors of 8601?
3, 47, 61
What are the prime factors of 21893?
21893
List the prime factors of 3983.
7, 569
List the prime factors of 717.
3, 239
What are the prime factors of 1008?
2, 3, 7
What are the prime factors of 1383?
3, 461
What are the prime factors of 5062?
2, 2531
What are the prime factors of 162575?
5, 7, 929
List the prime factors of 10847.
10847
What are the prime factors of 8068?
2, 2017
List the prime factors of 8122.
2, 31, 131
List the prime factors of 7520.
2, 5, 47
List the prime factors of 37973.
13, 23, 127
What are the prime factors of 6482?
2, 7, 463
List the prime factors of 4973.
4973
List the prime factors of 602.
2, 7, 43
List the prime factors of 2320.
2, 5, 29
What are the prime factors of 39125?
5, 313
List the prime factors of 763.
7, 109
What are the prime factors of 8940?
2, 3, 5, 149
List the prime factors of 9241.
9241
List the prime factors of 5178.
2, 3, 863
List the prime factors of 29851.
29851
List the prime factors of 3804.
2, 3, 317
List the prime factors of 20498.
2, 37, 277
What are the prime factors of 1128?
2, 3, 47
What are the prime factors of 35072?
2, 137
List the prime factors of 1637.
1637
What are the prime factors of 324?
2, 3
What are the prime factors of 12965?
5, 2593
What are the prime factors of 483?
3, 7, 23
What are the prime factors of 27091?
27091
List the prime factors of 94708.
2, 23677
List the prime factors of 34725.
3, 5, 463
List the prime factors of 13170.
2, 3, 5, 439
List the prime factors of 262.
2, 131
What are the prime factors of 684?
2, 3, 19
What are the prime factors of 4561?
4561
What are the prime factors of 1235?
5, 13, 19
What are the prime factors of 19266?
2, 3, 13, 19
What are the prime factors of 3127?
53, 59
What are the prime factors of 10728?
2, 3, 149
List the prime factors of 61.
61
What are the prime factors of 6977?
6977
List the prime factors of 36258.
2, 3, 6043
List the prime factors of 9413.
9413
What are the prime factors of 710?
2, 5, 71
List the prime factors of 14769.
3, 547
List the prime factors of 87137.
79, 1103
What are the prime factors of 24236?
2, 73, 83
List the prime factors of 154561.
11, 14051
List the prime factors of 89914.
2, 11, 61, 67
List the prime factors of 3494.
2, 1747
List the prime factors of 875.
